{"id":2123,"date":"2023-08-20T08:03:57","date_gmt":"2023-08-20T08:03:57","guid":{"rendered":"https:\/\/dentmedicum.ch\/?page_id=2123"},"modified":"2025-10-28T15:48:38","modified_gmt":"2025-10-28T15:48:38","slug":"dse","status":"publish","type":"page","link":"https:\/\/dentia-basel.ch\/index.php\/home\/dse\/","title":{"rendered":"Datenschutzerklaerung"},"content":{"rendered":"\t\t<div data-elementor-type=\"wp-page\" data-elementor-id=\"2123\" class=\"elementor elementor-2123\">\n\t\t\t\t\t\t<section class=\"elementor-section elementor-top-section elementor-element elementor-element-01544cf elementor-section-boxed elementor-section-height-default elementor-section-height-default\" data-id=\"01544cf\" data-element_type=\"section\">\n\t\t\t\t\t\t<div class=\"elementor-container elementor-column-gap-default\">\n\t\t\t\t\t<div class=\"elementor-column elementor-col-100 elementor-top-column elementor-element elementor-element-49227d4\" data-id=\"49227d4\" data-element_type=\"column\">\n\t\t\t<div class=\"elementor-widget-wrap elementor-element-populated\">\n\t\t\t\t\t\t\t<\/div>\n\t\t<\/div>\n\t\t\t\t\t<\/div>\n\t\t<\/section>\n\t\t\t\t<section class=\"elementor-section elementor-top-section elementor-element elementor-element-7f3a6ea elementor-section-stretched elementor-section-boxed elementor-section-height-default elementor-section-height-default\" data-id=\"7f3a6ea\" data-element_type=\"section\" data-settings=\"{&quot;stretch_section&quot;:&quot;section-stretched&quot;,&quot;background_background&quot;:&quot;classic&quot;}\">\n\t\t\t\t\t\t<div class=\"elementor-container elementor-column-gap-default\">\n\t\t\t\t\t<div class=\"elementor-column elementor-col-100 elementor-top-column elementor-element elementor-element-21d1234\" data-id=\"21d1234\" data-element_type=\"column\">\n\t\t\t<div class=\"elementor-widget-wrap elementor-element-populated\">\n\t\t\t\t\t\t<section class=\"elementor-section elementor-inner-section elementor-element elementor-element-fc9ffd5 elementor-section-full_width elementor-section-height-default elementor-section-height-default\" data-id=\"fc9ffd5\" data-element_type=\"section\" data-settings=\"{&quot;background_background&quot;:&quot;classic&quot;}\">\n\t\t\t\t\t\t<div class=\"elementor-container elementor-column-gap-default\">\n\t\t\t\t\t<div class=\"elementor-column elementor-col-100 elementor-inner-column elementor-element elementor-element-f14e0b5\" data-id=\"f14e0b5\" data-element_type=\"column\">\n\t\t\t<div class=\"elementor-widget-wrap elementor-element-populated\">\n\t\t\t\t\t\t<div class=\"elementor-element elementor-element-cb0b256 elementor-widget elementor-widget-text-editor\" data-id=\"cb0b256\" data-element_type=\"widget\" data-widget_type=\"text-editor.default\">\n\t\t\t\t<div class=\"elementor-widget-container\">\n\t\t\t\t\t\t\t\t\t<p><b style=\"caret-color: rgb(0, 0, 0); color: rgb(0, 0, 0); font-family: Aptos, sans-serif;\"><span style=\"font-size: 11pt;\">DATENSCHUTZERKL\u00c4RUNG<\/span><\/b><br><\/p>\n<p style=\"margin: 0cm 0cm 6pt; font-size: medium; font-family: Aptos, sans-serif; caret-color: rgb(0, 0, 0); color: rgb(0, 0, 0);\"><span style=\"font-size: 11pt;\">Willkommen auf der Webseite unserer Praxis. Die nachfolgende Datenschutzerkl\u00e4rung gilt f\u00fcr die Nutzung unserer Webseite sowie der darauf angebotenen Dienstleistungen.&nbsp;<o:p><\/o:p><\/span><\/p>\n<p style=\"margin: 0cm 0cm 6pt; font-size: medium; font-family: Aptos, sans-serif; caret-color: rgb(0, 0, 0); color: rgb(0, 0, 0);\"><span style=\"font-size: 11pt;\">Die vorliegende Datenschutzerkl\u00e4rung informiert Sie \u00fcber die Erhebung personenbezogener Daten w\u00e4hrend Ihres Besuchs auf dieser Webseite. Mit der Nutzung dieser Webseite erkl\u00e4ren Sie sich mit der Bearbeitung Ihrer Personendaten gem\u00e4ss der vorliegenden Datenschutzerkl\u00e4rung einverstanden.<o:p><\/o:p><\/span><\/p>\n<p style=\"margin: 0cm 0cm 6pt; font-size: medium; font-family: Aptos, sans-serif; caret-color: rgb(0, 0, 0); color: rgb(0, 0, 0);\"><span style=\"font-size: 11pt;\">Die Erhebung und die Verarbeitung Ihrer personenbezogenen Daten geschehen unter Beachtung der geltenden datenschutzrechtlichen Gesetze und Anforderungen. Im \u00dcbrigen lehnt die Praxis jegliche Haftung bei der Nutzung dieser Webseite ab.<o:p><\/o:p><\/span><\/p>\n<p style=\"margin: 0cm; font-size: medium; font-family: Aptos, sans-serif; caret-color: rgb(0, 0, 0); color: rgb(0, 0, 0);\"><b><span style=\"font-size: 11pt;\">Erfassung von allgemeinen Daten und Informationen&nbsp;<o:p><\/o:p><\/span><\/b><\/p>\n<p style=\"margin: 0cm; font-size: medium; font-family: Aptos, sans-serif; caret-color: rgb(0, 0, 0); color: rgb(0, 0, 0);\"><span style=\"font-size: 11pt;\">Mit jedem Aufruf der Webseite werden eine Reihe von allgemeinen Daten und Informationen erfasst. Diese allgemeinen Daten und Informationen werden in den Logfiles des Servers gespeichert. Erfasst werden k\u00f6nnen&nbsp;<\/span><\/p>\n<p style=\"margin: 0cm; font-size: medium; font-family: Aptos, sans-serif; caret-color: rgb(0, 0, 0); color: rgb(0, 0, 0);\"><span style=\"font-size: 11pt;\">1. die verwendeten Browsertypen und Versionen,&nbsp;<\/span><\/p>\n<p style=\"margin: 0cm; font-size: medium; font-family: Aptos, sans-serif; caret-color: rgb(0, 0, 0); color: rgb(0, 0, 0);\"><span style=\"font-size: 11pt;\">2. das vom zugreifenden System verwendete Betriebssystem,&nbsp;<\/span><\/p>\n<p style=\"margin: 0cm; font-size: medium; font-family: Aptos, sans-serif; caret-color: rgb(0, 0, 0); color: rgb(0, 0, 0);\"><span style=\"font-size: 11pt;\">3. die Webseite, von welcher ein zugreifendes System auf unsere Webseite gelangt (sogenannte Referrer),&nbsp;<\/span><\/p>\n<p style=\"margin: 0cm; font-size: medium; font-family: Aptos, sans-serif; caret-color: rgb(0, 0, 0); color: rgb(0, 0, 0);\"><span style=\"font-size: 11pt;\">4. die Unterwebseiten, welche \u00fcber ein zugreifendes System auf unserer Webseite angesteuert werden,&nbsp;<\/span><\/p>\n<p style=\"margin: 0cm; font-size: medium; font-family: Aptos, sans-serif; caret-color: rgb(0, 0, 0); color: rgb(0, 0, 0);\"><span style=\"font-size: 11pt;\">5. das Datum und die Uhrzeit eines Zugriffs auf die Webseite,&nbsp;<\/span><\/p>\n<p style=\"margin: 0cm; font-size: medium; font-family: Aptos, sans-serif; caret-color: rgb(0, 0, 0); color: rgb(0, 0, 0);\"><span style=\"font-size: 11pt;\">6. eine Internet-Protokoll-Adresse (IP-Adresse),&nbsp;<\/span><\/p>\n<p style=\"margin: 0cm; font-size: medium; font-family: Aptos, sans-serif; caret-color: rgb(0, 0, 0); color: rgb(0, 0, 0);\"><span style=\"font-size: 11pt;\">7. der Internet-Service-Provider des zugreifenden Systems und&nbsp;<\/span><\/p>\n<p style=\"margin: 0cm; font-size: medium; font-family: Aptos, sans-serif; caret-color: rgb(0, 0, 0); color: rgb(0, 0, 0);\"><span style=\"font-size: 11pt;\">8. sonstige \u00e4hnliche Daten und Informationen, die der Gefahrenabwehr im Falle von Angriffen auf unsere IT-Infrastruktur dienen.<o:p><\/o:p><\/span><\/p>\n<p style=\"margin: 0cm; font-size: medium; font-family: Aptos, sans-serif; caret-color: rgb(0, 0, 0); color: rgb(0, 0, 0);\"><span style=\"font-size: 11pt;\"><o:p>&nbsp;<\/o:p><\/span><\/p>\n<p style=\"margin: 0cm; font-size: medium; font-family: Aptos, sans-serif; caret-color: rgb(0, 0, 0); color: rgb(0, 0, 0);\"><span style=\"font-size: 11pt;\">Diese Daten und Informationen werden ben\u00f6tigt, um&nbsp;<\/span><\/p>\n<p style=\"margin: 0cm; font-size: medium; font-family: Aptos, sans-serif; caret-color: rgb(0, 0, 0); color: rgb(0, 0, 0);\"><span style=\"font-size: 11pt;\">1. die Inhalte unserer Webseite korrekt darzustellen,&nbsp;<\/span><\/p>\n<p style=\"margin: 0cm; font-size: medium; font-family: Aptos, sans-serif; caret-color: rgb(0, 0, 0); color: rgb(0, 0, 0);\"><span style=\"font-size: 11pt;\">2. die Inhalte unserer Webseite zu optimieren,&nbsp;<\/span><\/p>\n<p style=\"margin: 0cm; font-size: medium; font-family: Aptos, sans-serif; caret-color: rgb(0, 0, 0); color: rgb(0, 0, 0);\"><span style=\"font-size: 11pt;\">3. die dauerhafte Funktionsf\u00e4higkeit unserer IT-Infrastruktur und der Technik unserer Webseite zu gew\u00e4hrleisten sowie um&nbsp;<\/span><\/p>\n<p style=\"margin: 0cm; font-size: medium; font-family: Aptos, sans-serif; caret-color: rgb(0, 0, 0); color: rgb(0, 0, 0);\"><span style=\"font-size: 11pt;\">4. im Falle eines Cyberangriffes den Strafverfolgungsbeh\u00f6rden die notwendigen Informationen bereitzustellen.&nbsp;<o:p><\/o:p><\/span><\/p>\n<p style=\"margin: 0cm; font-size: medium; font-family: Aptos, sans-serif; caret-color: rgb(0, 0, 0); color: rgb(0, 0, 0);\"><span style=\"font-size: 11pt;\"><o:p>&nbsp;<\/o:p><\/span><\/p>\n<p style=\"margin: 0cm; font-size: medium; font-family: Aptos, sans-serif; caret-color: rgb(0, 0, 0); color: rgb(0, 0, 0);\"><span style=\"font-size: 11pt;\">Weiter kann unsere Praxis diese Daten und Informationen einerseits statistisch und ferner mit dem Ziel auswerten, den Datenschutz und die Datensicherheit ihrer IT-Infrastruktur zu erh\u00f6hen. Die erhobenen Daten und Informationen werden nur zu den eben erw\u00e4hnten Zwecken bearbeitet und werden anschliessend gel\u00f6scht.<o:p><\/o:p><\/span><\/p>\n<p style=\"margin: 0cm; font-size: medium; font-family: Aptos, sans-serif; caret-color: rgb(0, 0, 0); color: rgb(0, 0, 0);\"><b>&nbsp;<\/b><\/p>\n<p style=\"margin: 0cm; font-size: medium; font-family: Aptos, sans-serif; caret-color: rgb(0, 0, 0); color: rgb(0, 0, 0);\"><b><span style=\"font-size: 11pt;\">Links anderer Webseiten<\/span><\/b><span style=\"font-size: 11pt;\"><o:p><\/o:p><\/span><\/p>\n<p style=\"margin: 0cm; font-size: medium; font-family: Aptos, sans-serif; caret-color: rgb(0, 0, 0); color: rgb(0, 0, 0);\"><span style=\"font-size: 11pt;\">Diese Webseite kann Links zu Webseiten anderer Anbieter enthalten. Unsere Praxis hat keinen Einfluss auf diese Webseiten, deren Inhalte, Angebote oder Verf\u00fcgbarkeit oder die dort geltenden Datenschutzerkl\u00e4rungen und -bestimmungen. Sie lehnt daher jegliche Haftung ab.<o:p><\/o:p><\/span><\/p>\n<p style=\"margin: 0cm; font-size: medium; font-family: Aptos, sans-serif; caret-color: rgb(0, 0, 0); color: rgb(0, 0, 0);\"><b>&nbsp;<\/b><\/p>\n<p style=\"margin: 0cm; font-size: medium; font-family: Aptos, sans-serif; caret-color: rgb(0, 0, 0); color: rgb(0, 0, 0);\"><b><span style=\"font-size: 11pt;\">Cookies und weitere Serviceangebote&nbsp;<o:p><\/o:p><\/span><\/b><\/p>\n<p style=\"margin: 0cm; font-size: medium; font-family: Aptos, sans-serif; caret-color: rgb(0, 0, 0); color: rgb(0, 0, 0);\"><span style=\"font-size: 11pt;\">Unsere Praxis kann auf ihrer Webseite Cookies verwenden. Cookies enthalten eine sogenannte Cookie-ID, eine eindeutige Kennung des Cookies, welche Webseiten und Server einem konkreten Internetbrowser zuordnet. Ein bestimmter Internetbrowser kann \u00fcber diese eindeutige Cookie-ID wiedererkannt und identifiziert werden.&nbsp;<o:p><\/o:p><\/span><\/p>\n<p style=\"margin: 0cm; font-size: medium; font-family: Aptos, sans-serif; caret-color: rgb(0, 0, 0); color: rgb(0, 0, 0);\"><b>&nbsp;<\/b><\/p>\n<p style=\"margin: 0cm; font-size: medium; font-family: Aptos, sans-serif; caret-color: rgb(0, 0, 0); color: rgb(0, 0, 0);\"><b><span style=\"font-size: 11pt;\">Serviceangebote Dritter<o:p><\/o:p><\/span><\/b><\/p>\n<p style=\"margin: 0cm; font-size: medium; font-family: Aptos, sans-serif; caret-color: rgb(0, 0, 0); color: rgb(0, 0, 0);\"><span style=\"font-size: 11pt;\">Unsere Praxis kann weitere Serviceangebote von Drittanbietern nutzen, um deren Inhalte und Services (wie z.B. Online Reservierung, Google Maps) in die Webseite einzubinden. Eine entsprechende Einbindung setzt immer voraus, dass diese Drittanbieter die IP-Adresse und weitere Informationen der Besucher dieser Webseite erfassen und verarbeiten k\u00f6nnen. Mit der Nutzung unserer Webseite erkl\u00e4ren Sie sich damit einverstanden.<o:p><\/o:p><\/span><\/p>\n<p style=\"margin: 0cm; font-size: medium; font-family: Aptos, sans-serif; caret-color: rgb(0, 0, 0); color: rgb(0, 0, 0);\"><b>&nbsp;<\/b><\/p>\n<p style=\"margin: 0cm; font-size: medium; font-family: Aptos, sans-serif; caret-color: rgb(0, 0, 0); color: rgb(0, 0, 0);\"><b><span style=\"font-size: 11pt;\">Social Media \/ Soziale Netzwerke<o:p><\/o:p><\/span><\/b><\/p>\n<p style=\"margin: 0cm; font-size: medium; font-family: Aptos, sans-serif; caret-color: rgb(0, 0, 0); color: rgb(0, 0, 0);\"><span style=\"font-size: 11pt;\">Auf dieser Webseite k\u00f6nnen Schaltfl\u00e4chen (\u00abSocial-Media-Plugins\u00bb) platziert sein, die einen Kontakt mit den Servern von sozialen Netzwerken (Facebook, Twitter, Instagram etc.) herstellen. Mit dem Klick auf einen dieser Buttons erteilen Sie Ihre Zustimmung, dass notwendige Daten wie IP-Adresse, Besuch der Webseite u.a. an den jeweiligen Betreiber des sozialen Netzwerks \u00fcbermittelt werden.&nbsp;<o:p><\/o:p><\/span><\/p>\n<p style=\"margin: 0cm; font-size: medium; font-family: Aptos, sans-serif; caret-color: rgb(0, 0, 0); color: rgb(0, 0, 0);\"><b>&nbsp;<\/b><\/p>\n<p style=\"margin: 0cm; font-size: medium; font-family: Aptos, sans-serif; caret-color: rgb(0, 0, 0); color: rgb(0, 0, 0);\"><b><span style=\"font-size: 11pt;\">Kommunikationsm\u00f6glichkeiten&nbsp;<o:p><\/o:p><\/span><\/b><\/p>\n<p style=\"margin: 0cm; font-size: medium; font-family: Aptos, sans-serif; caret-color: rgb(0, 0, 0); color: rgb(0, 0, 0);\"><span style=\"font-size: 11pt;\">Die Webseite unserer Arztpraxis enth\u00e4lt gewisse Angaben, die eine schnelle elektronische Kontaktaufnahme sowie eine unmittelbare Kommunikation erm\u00f6glichen, was ebenfalls eine allgemeine E-Mail-Adresse umfasst. Nehmen Sie \u00fcber die auf unserer Webseite angebotenen Kommunikationsm\u00f6glichkeiten Kontakt mit uns auf, werden Ihre Kontaktangaben und Inhalte lediglich zur Bearbeitung und Beantwortung Ihrer Anfrage verwendet.<o:p><\/o:p><\/span><\/p>\n<p style=\"margin: 0cm; font-size: medium; font-family: Aptos, sans-serif; caret-color: rgb(0, 0, 0); color: rgb(0, 0, 0);\"><span style=\"font-size: 11pt;\">Bitte beachten Sie: es kann nicht sichergestellt werden, dass Ihre Daten vertraulich \u00fcbermittelt werden. Deshalb sollen bei dieser Kontaktaufnahme keine vertraulichen Daten (medizinische Anliegen etc.) \u00fcbermittelt werden.&nbsp;<o:p><\/o:p><\/span><\/p>\n<p style=\"margin: 0cm; font-size: medium; font-family: Aptos, sans-serif; caret-color: rgb(0, 0, 0); color: rgb(0, 0, 0);\"><b>&nbsp;<\/b><\/p>\n<p style=\"margin: 0cm; font-size: medium; font-family: Aptos, sans-serif; caret-color: rgb(0, 0, 0); color: rgb(0, 0, 0);\"><b><span style=\"font-size: 11pt;\">Ihre Rechte<o:p><\/o:p><\/span><\/b><\/p>\n<p style=\"margin: 0cm; font-size: medium; font-family: Aptos, sans-serif; caret-color: rgb(0, 0, 0); color: rgb(0, 0, 0);\"><span style=\"font-size: 11pt;\">Gest\u00fctzt auf das Datenschutzgesetz haben Sie verschiedene Rechte wie beispielsweise ein Auskunftsrecht. Zur Geltendmachung Ihrer Rechte setzen Sie sich bitte mit der Arztpraxis in Verbindung. Wir stehen Ihnen f\u00fcr weitere diesbez\u00fcgliche Informationen gerne zur Verf\u00fcgung.<o:p><\/o:p><\/span><\/p>\n<p style=\"margin: 0cm; font-size: medium; font-family: Aptos, sans-serif; caret-color: rgb(0, 0, 0); color: rgb(0, 0, 0);\"><span style=\"font-size: 11pt;\"><o:p>&nbsp;<\/o:p><\/span><\/p>\n<p style=\"margin: 0cm; font-size: medium; font-family: Aptos, sans-serif; caret-color: rgb(0, 0, 0); color: rgb(0, 0, 0);\"><b><span style=\"font-size: 11pt;\">\u00c4nderungen&nbsp;<o:p><\/o:p><\/span><\/b><\/p>\n<p style=\"margin: 0cm; font-size: medium; font-family: Aptos, sans-serif; caret-color: rgb(0, 0, 0); color: rgb(0, 0, 0);\"><span style=\"font-size: 11pt;\">Unsere Praxis kann diese Datenschutzerkl\u00e4rung jederzeit ohne Vorank\u00fcndigung anpassen. Es gilt die jeweils aktuelle, auf unserer Webseite publizierte Fassung. Soweit die Datenschutzerkl\u00e4rung Teil eines Vertrages mit Ihnen ist, werden wir Sie im Falle einer Aktualisierung \u00fcber die \u00c4nderung per E-Mail oder auf eine andere geeignete Weise informieren.<o:p><\/o:p><\/span><\/p>\t\t\t\t\t\t\t\t<\/div>\n\t\t\t\t<\/div>\n\t\t\t\t\t<\/div>\n\t\t<\/div>\n\t\t\t\t\t<\/div>\n\t\t<\/section>\n\t\t\t\t\t<\/div>\n\t\t<\/div>\n\t\t\t\t\t<\/div>\n\t\t<\/section>\n\t\t\t\t<section class=\"elementor-section elementor-top-section elementor-element elementor-element-6842080 elementor-section-stretched elementor-section-height-min-height elementor-section-full_width elementor-section-height-default elementor-section-items-middle\" data-id=\"6842080\" data-element_type=\"section\" data-settings=\"{&quot;stretch_section&quot;:&quot;section-stretched&quot;,&quot;background_background&quot;:&quot;classic&quot;}\">\n\t\t\t\t\t\t<div class=\"elementor-container elementor-column-gap-default\">\n\t\t\t\t\t<div class=\"elementor-column elementor-col-100 elementor-top-column elementor-element elementor-element-9552b1f\" data-id=\"9552b1f\" data-element_type=\"column\">\n\t\t\t<div class=\"elementor-widget-wrap elementor-element-populated\">\n\t\t\t\t\t\t<div class=\"elementor-element elementor-element-82a2fd2 elementor-widget elementor-widget-text-editor\" data-id=\"82a2fd2\" data-element_type=\"widget\" data-widget_type=\"text-editor.default\">\n\t\t\t\t<div class=\"elementor-widget-container\">\n\t\t\t\t\t\t\t\t\t<p><b>Impressum\u00a0<\/b><\/p><p>DENTIA Basel &#8211; Zahnarztpraxis, Gundeldingerstrasse 359, CH-4053 Basel\u00a0<\/p><p>Tel. +41 61 331 58 17 praxis@dentia-basel.ch<\/p>\t\t\t\t\t\t\t\t<\/div>\n\t\t\t\t<\/div>\n\t\t\t\t<div class=\"elementor-element elementor-element-ed203c7 elementor-align-center elementor-widget elementor-widget-button\" data-id=\"ed203c7\" data-element_type=\"widget\" data-widget_type=\"button.default\">\n\t\t\t\t<div class=\"elementor-widget-container\">\n\t\t\t\t\t\t\t\t\t<div class=\"elementor-button-wrapper\">\n\t\t\t\t\t<a class=\"elementor-button elementor-button-link elementor-size-sm\" href=\"tel:%20+41%2061%20331%2058%2017\">\n\t\t\t\t\t\t<span class=\"elementor-button-content-wrapper\">\n\t\t\t\t\t\t\t\t\t<span class=\"elementor-button-text\">061 331 58 17<\/span>\n\t\t\t\t\t<\/span>\n\t\t\t\t\t<\/a>\n\t\t\t\t<\/div>\n\t\t\t\t\t\t\t\t<\/div>\n\t\t\t\t<\/div>\n\t\t\t\t<div class=\"elementor-element elementor-element-092e482 elementor-widget elementor-widget-text-editor\" data-id=\"092e482\" data-element_type=\"widget\" data-widget_type=\"text-editor.default\">\n\t\t\t\t<div class=\"elementor-widget-container\">\n\t\t\t\t\t\t\t\t\t<p><span style=\"letter-spacing: 0px;\">\u00a92025 DENTIA Basel &#8211; Zahnarztpraxis<\/span><\/p>\t\t\t\t\t\t\t\t<\/div>\n\t\t\t\t<\/div>\n\t\t\t\t\t<\/div>\n\t\t<\/div>\n\t\t\t\t\t<\/div>\n\t\t<\/section>\n\t\t\t\t<\/div>\n\t\t","protected":false},"excerpt":{"rendered":"<p>DATENSCHUTZERKL\u00c4RUNG Willkommen auf der Webseite unserer Praxis. Die nachfolgende Datenschutzerkl\u00e4rung gilt f\u00fcr die Nutzung unserer Webseite sowie der darauf angebotenen Dienstleistungen.&nbsp; Die [&hellip;]<\/p>\n","protected":false},"author":2,"featured_media":0,"parent":13,"menu_order":0,"comment_status":"closed","ping_status":"closed","template":"elementor_header_footer","meta":{"inline_featured_image":false,"footnotes":""},"class_list":["post-2123","page","type-page","status-publish","hentry"],"_links":{"self":[{"href":"https:\/\/dentia-basel.ch\/index.php\/wp-json\/wp\/v2\/pages\/2123","targetHints":{"allow":["GET"]}}],"collection":[{"href":"https:\/\/dentia-basel.ch\/index.php\/wp-json\/wp\/v2\/pages"}],"about":[{"href":"https:\/\/dentia-basel.ch\/index.php\/wp-json\/wp\/v2\/types\/page"}],"author":[{"embeddable":true,"href":"https:\/\/dentia-basel.ch\/index.php\/wp-json\/wp\/v2\/users\/2"}],"replies":[{"embeddable":true,"href":"https:\/\/dentia-basel.ch\/index.php\/wp-json\/wp\/v2\/comments?post=2123"}],"version-history":[{"count":25,"href":"https:\/\/dentia-basel.ch\/index.php\/wp-json\/wp\/v2\/pages\/2123\/revisions"}],"predecessor-version":[{"id":2319,"href":"https:\/\/dentia-basel.ch\/index.php\/wp-json\/wp\/v2\/pages\/2123\/revisions\/2319"}],"up":[{"embeddable":true,"href":"https:\/\/dentia-basel.ch\/index.php\/wp-json\/wp\/v2\/pages\/13"}],"wp:attachment":[{"href":"https:\/\/dentia-basel.ch\/index.php\/wp-json\/wp\/v2\/media?parent=2123"}],"curies":[{"name":"wp","href":"https:\/\/api.w.org\/{rel}","templated":true}]}}