{"id":1179,"date":"2020-09-29T08:32:11","date_gmt":"2020-09-29T08:32:11","guid":{"rendered":"https:\/\/dentmedicum.ch\/?page_id=1179"},"modified":"2025-10-28T15:39:43","modified_gmt":"2025-10-28T15:39:43","slug":"as","status":"publish","type":"page","link":"https:\/\/dentia-basel.ch\/index.php\/home\/as\/","title":{"rendered":"Dr. Aida Seher"},"content":{"rendered":"\t\t<div data-elementor-type=\"wp-page\" data-elementor-id=\"1179\" class=\"elementor elementor-1179\">\n\t\t\t\t\t\t<section class=\"elementor-section elementor-top-section elementor-element elementor-element-7f3a6ea elementor-section-stretched elementor-section-boxed elementor-section-height-default elementor-section-height-default\" data-id=\"7f3a6ea\" data-element_type=\"section\" data-settings=\"{&quot;stretch_section&quot;:&quot;section-stretched&quot;,&quot;background_background&quot;:&quot;classic&quot;}\">\n\t\t\t\t\t\t<div class=\"elementor-container elementor-column-gap-default\">\n\t\t\t\t\t<div class=\"elementor-column elementor-col-100 elementor-top-column elementor-element elementor-element-21d1234\" data-id=\"21d1234\" data-element_type=\"column\">\n\t\t\t<div class=\"elementor-widget-wrap elementor-element-populated\">\n\t\t\t\t\t\t<section class=\"elementor-section elementor-inner-section elementor-element elementor-element-fc9ffd5 elementor-section-full_width elementor-section-height-default elementor-section-height-default\" data-id=\"fc9ffd5\" data-element_type=\"section\" data-settings=\"{&quot;background_background&quot;:&quot;classic&quot;}\">\n\t\t\t\t\t\t<div class=\"elementor-container elementor-column-gap-default\">\n\t\t\t\t\t<div class=\"elementor-column elementor-col-50 elementor-inner-column elementor-element elementor-element-4846bb0\" data-id=\"4846bb0\" data-element_type=\"column\">\n\t\t\t<div class=\"elementor-widget-wrap elementor-element-populated\">\n\t\t\t\t\t\t<div class=\"elementor-element elementor-element-0890670 elementor-widget elementor-widget-heading\" data-id=\"0890670\" data-element_type=\"widget\" data-widget_type=\"heading.default\">\n\t\t\t\t<div class=\"elementor-widget-container\">\n\t\t\t\t\t<h2 class=\"elementor-heading-title elementor-size-xl\">Dr. Aida Seher<\/h2>\t\t\t\t<\/div>\n\t\t\t\t<\/div>\n\t\t\t\t<div class=\"elementor-element elementor-element-67eabca elementor-widget elementor-widget-image\" data-id=\"67eabca\" data-element_type=\"widget\" data-widget_type=\"image.default\">\n\t\t\t\t<div class=\"elementor-widget-container\">\n\t\t\t\t\t\t\t\t\t\t\t\t\t\t\t<img fetchpriority=\"high\" decoding=\"async\" width=\"800\" height=\"1000\" src=\"https:\/\/dentia-basel.ch\/wp-content\/uploads\/2024\/01\/Dr.med_.dent_._Seher_Aida_II-800x1000-1.jpg\" class=\"attachment-large size-large wp-image-2092\" alt=\"\" srcset=\"https:\/\/dentia-basel.ch\/wp-content\/uploads\/2024\/01\/Dr.med_.dent_._Seher_Aida_II-800x1000-1.jpg 800w, https:\/\/dentia-basel.ch\/wp-content\/uploads\/2024\/01\/Dr.med_.dent_._Seher_Aida_II-800x1000-1-240x300.jpg 240w, https:\/\/dentia-basel.ch\/wp-content\/uploads\/2024\/01\/Dr.med_.dent_._Seher_Aida_II-800x1000-1-768x960.jpg 768w, https:\/\/dentia-basel.ch\/wp-content\/uploads\/2024\/01\/Dr.med_.dent_._Seher_Aida_II-800x1000-1-230x288.jpg 230w, https:\/\/dentia-basel.ch\/wp-content\/uploads\/2024\/01\/Dr.med_.dent_._Seher_Aida_II-800x1000-1-350x438.jpg 350w, https:\/\/dentia-basel.ch\/wp-content\/uploads\/2024\/01\/Dr.med_.dent_._Seher_Aida_II-800x1000-1-480x600.jpg 480w\" sizes=\"(max-width: 800px) 100vw, 800px\" \/>\t\t\t\t\t\t\t\t\t\t\t\t\t\t\t<\/div>\n\t\t\t\t<\/div>\n\t\t\t\t<div class=\"elementor-element elementor-element-b3956a0 elementor-widget elementor-widget-heading\" data-id=\"b3956a0\" data-element_type=\"widget\" data-widget_type=\"heading.default\">\n\t\t\t\t<div class=\"elementor-widget-container\">\n\t\t\t\t\t<h2 class=\"elementor-heading-title elementor-size-medium\">Zahn\u00e4rztin, Dr. med. dent.<\/h2>\t\t\t\t<\/div>\n\t\t\t\t<\/div>\n\t\t\t\t\t<\/div>\n\t\t<\/div>\n\t\t\t\t<div class=\"elementor-column elementor-col-50 elementor-inner-column elementor-element elementor-element-a979bb4\" data-id=\"a979bb4\" data-element_type=\"column\">\n\t\t\t<div class=\"elementor-widget-wrap elementor-element-populated\">\n\t\t\t\t\t\t<div class=\"elementor-element elementor-element-f56d98e elementor-widget elementor-widget-text-editor\" data-id=\"f56d98e\" data-element_type=\"widget\" data-widget_type=\"text-editor.default\">\n\t\t\t\t<div class=\"elementor-widget-container\">\n\t\t\t\t\t\t\t\t\t<h4>Ausbildung<\/h4><table style=\"border-collapse: collapse; width: 100%; height: 154px;\"><tbody><tr><td style=\"width: 120.40625px; text-align: center;\"><span style=\"font-size: 12pt;\">1993-1999<\/span><\/td><td style=\"width: 490.609375px; text-align: left;\">Studium der Zahnmedizin, Staatsexamen an der Universit\u00e4t Carol Davila, Bucharest<\/td><\/tr><tr><td style=\"width: 120.40625px; text-align: center;\">2002-2004<\/td><td style=\"width: 490.609375px; text-align: left;\">Promotion (magna cum laude) an der Universit\u00e4t T\u00fcbingen &#8211; Thema:\u00a0&#8220;In-vitro Untersuchungen zur Zellstimulation durch Thrombozytenkonzentrate (PRP)&#8221;<\/td><\/tr><tr><td style=\"width: 120.40625px; text-align: center;\">2014-2015<\/td><td style=\"width: 490.609375px; text-align: left;\">Fachspezialisierung Implantologie (DGI)<span style=\"color: #263246; font-size: 18px; font-weight: 600;\">\u00a0<\/span><\/td><\/tr><\/tbody><\/table><h4>\u00a0<\/h4><h4>Berufspraxis<\/h4><table style=\"border-collapse: collapse; width: 100%;\"><tbody><tr><td style=\"width: 20%;\">2001-2002<\/td><td style=\"width: 80%; text-align: left;\">Assistenz-Zahn\u00e4rztin in der Zahnarztpraxis Dr. Monika Novak, Berlin, allgemeine Zahnheilkunde<\/td><\/tr><tr><td style=\"width: 20%;\">2004-2005<\/td><td style=\"width: 80%; text-align: left;\">Projekt-basierte Forschungst\u00e4tigkeit an der Uni T\u00fcbingen (Industrieauftr\u00e4ge) zu Produkte der Implantologie<\/td><\/tr><tr><td style=\"width: 20%;\">2006-2010<\/td><td style=\"width: 80%; text-align: left;\">Zahn\u00e4rztin, Vertreterin der Sachgebietsleitung, Gesundheitsamt Stuttgart &#8211; T\u00e4tigkeitsschwerpunkt Kinderzahnheilkunde<\/td><\/tr><tr><td style=\"width: 20%;\">2011-2013<\/td><td style=\"width: 80%; text-align: left;\">Zahn\u00e4rztin in der Praxis Dr Lente Dr. Voigt, Weil am Rhein, gesamte Zahnheilkunde<\/td><\/tr><tr><td style=\"width: 20%;\">2013-2014<\/td><td style=\"width: 80%; text-align: left;\">Zahn\u00e4rztin in der AAC Klinik am Aeschenplatz (ab 2014 Zahnarztzentrum.ch), Basel<\/td><\/tr><tr><td style=\"width: 20%;\">2014-2016<\/td><td style=\"width: 80%; text-align: left;\">Zentrumsleiterin und leitende Zahn\u00e4rztin, Zahnarztzentrum.ch Basel SBB<\/td><\/tr><tr><td style=\"width: 20%;\">2016<\/td><td style=\"width: 80%; text-align: left;\"><p>\u00dcbernahme der Praxis Marcel Chevillat, Birsfelden<\/p><\/td><\/tr><tr><td style=\"width: 20%;\">2017-heute<\/td><td style=\"width: 80%; text-align: left;\"><p>Niedergelassene Zahn\u00e4rztin<\/p><\/td><\/tr><\/tbody><\/table>\t\t\t\t\t\t\t\t<\/div>\n\t\t\t\t<\/div>\n\t\t\t\t\t<\/div>\n\t\t<\/div>\n\t\t\t\t\t<\/div>\n\t\t<\/section>\n\t\t\t\t\t<\/div>\n\t\t<\/div>\n\t\t\t\t\t<\/div>\n\t\t<\/section>\n\t\t\t\t<section class=\"elementor-section elementor-top-section elementor-element elementor-element-26b569a elementor-section-stretched elementor-section-height-min-height elementor-section-full_width elementor-section-height-default elementor-section-items-middle\" data-id=\"26b569a\" data-element_type=\"section\" data-settings=\"{&quot;stretch_section&quot;:&quot;section-stretched&quot;,&quot;background_background&quot;:&quot;classic&quot;}\">\n\t\t\t\t\t\t<div class=\"elementor-container elementor-column-gap-default\">\n\t\t\t\t\t<div class=\"elementor-column elementor-col-100 elementor-top-column elementor-element elementor-element-46fcb51\" data-id=\"46fcb51\" data-element_type=\"column\">\n\t\t\t<div class=\"elementor-widget-wrap elementor-element-populated\">\n\t\t\t\t\t\t<div class=\"elementor-element elementor-element-cd041d6 elementor-widget elementor-widget-text-editor\" data-id=\"cd041d6\" data-element_type=\"widget\" data-widget_type=\"text-editor.default\">\n\t\t\t\t<div class=\"elementor-widget-container\">\n\t\t\t\t\t\t\t\t\t<p><b>Impressum\u00a0<\/b><\/p><p>DENTIA Basel &#8211; Zahnarztpraxis, Gundeldingerstrasse 359, CH-4053 Basel\u00a0<\/p><p>Tel. +41 61 331 58 17 praxis@dentia-basel.ch<\/p>\t\t\t\t\t\t\t\t<\/div>\n\t\t\t\t<\/div>\n\t\t\t\t<div class=\"elementor-element elementor-element-6eb863d elementor-align-center elementor-widget elementor-widget-button\" data-id=\"6eb863d\" data-element_type=\"widget\" data-widget_type=\"button.default\">\n\t\t\t\t<div class=\"elementor-widget-container\">\n\t\t\t\t\t\t\t\t\t<div class=\"elementor-button-wrapper\">\n\t\t\t\t\t<a class=\"elementor-button elementor-button-link elementor-size-sm\" href=\"tel:%20+41%2061%20331%2058%2017\">\n\t\t\t\t\t\t<span class=\"elementor-button-content-wrapper\">\n\t\t\t\t\t\t\t\t\t<span class=\"elementor-button-text\">061 331 58 17<\/span>\n\t\t\t\t\t<\/span>\n\t\t\t\t\t<\/a>\n\t\t\t\t<\/div>\n\t\t\t\t\t\t\t\t<\/div>\n\t\t\t\t<\/div>\n\t\t\t\t<div class=\"elementor-element elementor-element-328430c elementor-widget elementor-widget-text-editor\" data-id=\"328430c\" data-element_type=\"widget\" data-widget_type=\"text-editor.default\">\n\t\t\t\t<div class=\"elementor-widget-container\">\n\t\t\t\t\t\t\t\t\t<p><span style=\"letter-spacing: 0px;\">\u00a92025 DENTIA Basel &#8211; Zahnarztpraxis<\/span><\/p>\t\t\t\t\t\t\t\t<\/div>\n\t\t\t\t<\/div>\n\t\t\t\t\t<\/div>\n\t\t<\/div>\n\t\t\t\t\t<\/div>\n\t\t<\/section>\n\t\t\t\t<\/div>\n\t\t","protected":false},"excerpt":{"rendered":"<p>Dr. Aida Seher Zahn\u00e4rztin, Dr. med. dent. Ausbildung 1993-1999 Studium der Zahnmedizin, Staatsexamen an der Universit\u00e4t Carol Davila, Bucharest 2002-2004 Promotion (magna [&hellip;]<\/p>\n","protected":false},"author":2,"featured_media":0,"parent":13,"menu_order":0,"comment_status":"closed","ping_status":"closed","template":"elementor_header_footer","meta":{"inline_featured_image":false,"footnotes":""},"class_list":["post-1179","page","type-page","status-publish","hentry"],"_links":{"self":[{"href":"https:\/\/dentia-basel.ch\/index.php\/wp-json\/wp\/v2\/pages\/1179","targetHints":{"allow":["GET"]}}],"collection":[{"href":"https:\/\/dentia-basel.ch\/index.php\/wp-json\/wp\/v2\/pages"}],"about":[{"href":"https:\/\/dentia-basel.ch\/index.php\/wp-json\/wp\/v2\/types\/page"}],"author":[{"embeddable":true,"href":"https:\/\/dentia-basel.ch\/index.php\/wp-json\/wp\/v2\/users\/2"}],"replies":[{"embeddable":true,"href":"https:\/\/dentia-basel.ch\/index.php\/wp-json\/wp\/v2\/comments?post=1179"}],"version-history":[{"count":81,"href":"https:\/\/dentia-basel.ch\/index.php\/wp-json\/wp\/v2\/pages\/1179\/revisions"}],"predecessor-version":[{"id":2308,"href":"https:\/\/dentia-basel.ch\/index.php\/wp-json\/wp\/v2\/pages\/1179\/revisions\/2308"}],"up":[{"embeddable":true,"href":"https:\/\/dentia-basel.ch\/index.php\/wp-json\/wp\/v2\/pages\/13"}],"wp:attachment":[{"href":"https:\/\/dentia-basel.ch\/index.php\/wp-json\/wp\/v2\/media?parent=1179"}],"curies":[{"name":"wp","href":"https:\/\/api.w.org\/{rel}","templated":true}]}}